s of d?
2, 13
Let h(o) = 0 - 2*o - 3 + o + 2. Let b(c) = -45*c - 9. Let l(i) = b(i) - 3*h(i). List the prime factors of l(-2).
2, 3, 13
Let h(b) be the third derivative of 25*b**4/24 - 79*b**3/6 - b**2 - 21*b. What are the prime factors of h(8)?
11
Let n(i) = 93*i + 50. Let k be n(-5). Let x = 769 + k. List the prime factors of x.
2, 3, 59
Let h(f) = -34*f + 40. Let y be h(1). Suppose -y*c = 437 - 7277. List the prime factors of c.
2, 3, 5, 19
Let b(i) = -i**3 - 91*i**2 - 499*i - 165. What are the prime factors of b(-90)?
3, 5, 7, 349
Let c(z) = z**2 - 23*z - 31. Let i be c(24). Suppose 0 = -q + 105 - 16. Let r = i + q. What are the prime factors of r?
2, 41
Suppose -9*v = -26 - 46. Suppose -v*d + 4*d = -5*a + 5213, 2*a = 4*d + 2078. List the prime factors of a.
5, 11, 19
Let i(v) = -7*v + 12*v**2 - 10 - v**2 + 0 + 46. List the prime factors of i(6).
2, 3, 5, 13
Let v = 1 + 4. Suppose v*t - w - 825 = 3*w, 348 = 2*t + 2*w. Suppose -k = 3*j - 62, 2*j = -2*k + 5*j + t. What are the prime factors of k?
7, 11
Let p(y) = 2*y**3 - 14*y**2 - 20*y - 193. What are the prime factors of p(21)?
5, 2347
Suppose l = -5*i - 19, -42 = 3*l - 5*i + 35. What are the prime factors of 3598/4 + l/48?
29, 31
Suppose -m + 53 - 43 = 0. Suppose -5*r + 40 + m = 0. Suppose -3*o - 406 = -r*o. What are the prime factors of o?
2, 29
Let k = -3043 - -5712. What are the prime factors of k?
17, 157
Let r be (-83)/(-7) + (-189)/49 + 4. Suppose -r*n + 11 = -13. Suppose 2*h = -4*z + 614, -2*z + 2*h + 618 = n*z. List the prime factors of z.
2, 7, 11
Let w(z) = 12*z**2 - z - 26. Let i = -263 + 254. List the prime factors of w(i).
5, 191
What are the prime factors of (-6 - (-3 - 6)) + 7749 + -4?
2, 13, 149
Let z(m) = -8516*m - 829. List the prime factors of z(-7).
29, 2027
Suppose 0 = 3*h + 5*l - 97, 2 = -3*l + 4*l. Let m = 131 + h. List the prime factors of m.
2, 5
Let v = -321 + 218. Let n = v + 104. What are the prime factors of 7 + -6 + n + (-190)/(-1)?
2, 3
Suppose -3*y - 9 = -18. Suppose -5*l + 73 = -2*l - u, -3*l - y*u = -93. Suppose -4*k = -3*k - 5*w - l, 101 = 5*k + 4*w. List the prime factors of k.
3, 7
Let y(r) = 31*r + 2. Let m be y(2). Let k = m + -60. Suppose k*j - 163 + 11 = 0. List the prime factors of j.
2, 19
Suppose 0 = 2*d - 2*g - 20180 + 794, -3*g - 58146 = -6*d. List the prime factors of d.
9689
Let v(a) = -7*a - 93. Let i be v(-14). Suppose 0*o - 2*o = -14. Suppose -2*r + i*w + 87 = 0, -2*r - o*w + 57 = -2*w. What are the prime factors of r?
2, 3
Let v(a) = a**2 - 5*a - 4. Let z be v(6). Suppose -618 = -8*s + 230. Suppose s = z*x - 74. What are the prime factors of x?
2, 3, 5
List the prime factors of ((-7)/4*3)/(276/(-2450144)).
2, 7, 3329
Suppose 3*s - 4*b - b - 532 = 0, -3*s + 536 = -b. Let k(f) = -f**3 + 3*f**2 - 8*f + 4. Let t be k(5). Let v = s + t. List the prime factors of v.
3, 31
Let v(l) = -217*l + 239. List the prime factors of v(-24).
13, 419
Let a(k) = k**3 + 48*k**2 + 334*k - 40. What are the prime factors of a(-35)?
5, 839
Let o = -1140 - -14093. What are the prime factors of o?
12953
Let s = 395 - 398. List the prime factors of ((-564)/(-16) + s)*28.
3, 7, 43
List the prime factors of ((27 - 22) + 68/(-3))/((-6)/8046).
3, 53, 149
Let v = 36545 + -24247. What are the prime factors of v?
2, 11, 13, 43
Suppose 37*x - 256146 - 867725 = -163388. What are the prime factors of x?
3, 17, 509
Let v be (1 + 15/(-9))/(6/(-117)). Let w(s) = -s**2 + 13*s - 15. Let g be w(v). List the prime factors of 6/g - 4599/(-35).
131
Suppose 2*f = -5*l + 32, -f + 4 = -2*l - 6*f. Suppose 6*a = l*a + 12. List the prime factors of ((-238)/a - 2)/(2/12).
2, 113
Suppose 3*w - 3*c - 24 = 2*c, -w + 4*c + 8 = 0. Let k(s) = -s**3 + 19*s**2 - 3*s + 17. What are the prime factors of k(w)?
17, 41
What are the prime factors of (-111528)/(-27)*(4/(-24)*3 + 2)?
2, 1549
List the prime factors of (10 - 4) + 13980 + -18.
2, 3, 97
Let w(t) = 257*t**2 - 108*t + 1022. What are the prime factors of w(10)?
2, 12821
Let v be 3*2*15/5. Suppose 4 = 11*g - v. Suppose -g*d = d - 129. List the prime factors of d.
43
Let m be -735*(4/24 + (-186)/36). Suppose -38*z + m = -3*z. List the prime factors of z.
3, 5, 7
Suppose 1842*z = 1827*z + 46260. What are the prime factors of z?
2, 3, 257
Let y(l) = -61*l**3 - 4*l**2 + 3*l + 2. Let x be y(1). Let s = x + 166. List the prime factors of s.
2, 53
Let q(j) = 8*j**3 - 3*j + 6. Suppose -58 = -15*k + 2. What are the prime factors of q(k)?
2, 11, 23
Let g = -90 - -90. Let l be 9/(-2)*16/(-2) + g. Suppose 0 = -l*k + 40*k - 816. What are the prime factors of k?
2, 3, 17
Suppose 0 = -120*x + 18*x + 510935 + 1287631. What are the prime factors of x?
7, 11, 229
Let j = -143 + 145. Suppose -4 = c, 5*q + 3*c - 1636 = j*c. What are the prime factors of q?
2, 41
Suppose -6009*t + 3514 = -6002*t. What are the prime factors of t?
2, 251
Let q = 126 + -126. Suppose -2*y - 3*y = -z + 85, q = z + 4*y - 49. Suppose 2*n + 3*r = 113, -4*n + 4*r + z = -151. List the prime factors of n.
5, 11
List the prime factors of (-486894)/(-285) - 13/(-5).
29, 59
What are the prime factors of (-8)/12 + (-4715728)/(-312) - 6/(-39)?
2, 3, 11, 229
Let j = -623 + 1540. List the prime factors of 16/6*(-27)/18 + j.
11, 83
Let n(t) = 113*t**2 - 35*t + 57. List the prime factors of n(-7).
5839
Let r(f) = f**2 - f - 1. Let q(g) = 2*g**2 - 9*g - 120. Let a(d) = q(d) + 2*r(d). What are the prime factors of a(15)?
613
What are the prime factors of ((-1578)/10)/(215/(-9675))?
3, 263
Let v = 80 - 70. Suppose -3*b + v = -c, -9*b + 4*b + 20 = 0. Suppose 2*h + 44 = 3*u, -4*h + 7*h = c*u - 31. What are the prime factors of u?
2, 7
Suppose 2*r = 3*b + 95 + 11, 48 = r + b. Let n be (r/15 - -1)/(3/9). Suppose 196 = 14*k - n*k. List the prime factors of k.
2, 7
List the prime factors of (576/(-960))/((-6)/38890).
3889
Let g(u) = 12*u - 51. Suppose -5*i = -20, -s - 3*i = -6*i - 11. What are the prime factors of g(s)?
3, 5
Suppose -21 = 4*h - h. Let o(t) = -4*t**2 - 5*t + 1. Let c be o(h). Let l = 24 - c. List the prime factors of l.
2, 23
Let k(w) = 859*w - 5085. What are the prime factors of k(67)?
2, 13, 1009
Let z = 5519 - 629. Suppose 9*n = 24*n - z. What are the prime factors of n?
2, 163
Let d be 1144/(-28) - 1/7. Let m = 7 + d. Let x = 55 - m. List the prime factors of x.
89
Suppose 59*x - 55*x - 1236 = 0. Let j = x + -77. What are the prime factors of j?
2, 29
List the prime factors of (1759/8*-2)/((-97)/1164).
3, 1759
Suppose -6*n + 5*n = -218. Suppose -3308 = -15*g - n. What are the prime factors of g?
2, 103
Let l = -225 + 190. What are the prime factors of ((-987)/l)/(7/35)?
3, 47
Suppose 5*i - 186530 = 5*j, -10*i - 5*j = -8*i - 74584. What are the prime factors of i?
2, 3, 6217
Suppose 3*d + 32*i = 29*i + 81327, 4*i - 27106 = -d. List the prime factors of d.
2, 5, 2711
Let j(r) = 2031*r - 2116. List the prime factors of j(36).
2, 5, 71
Let h(j) = -j**2 + 9*j + 3. Let m be h(9). Suppose 4*r - 572 = -m*t, 3*r - 5*t - 23 - 435 = 0. Suppose 12*f = 1186 + r. What are the prime factors of f?
3, 37
Let w be 1138 + (-1)/(0 - 1/1). Let d = w - 519. List the prime factors of d.
2, 5, 31
Let o be (-4)/(-6)*(-54)/(-12) - -3. List the prime factors of ((-9)/(-3))/(o/11790*5).
3, 131
List the prime factors of ((-8)/6)/(35 - (-6900408)/(-197154)).
2, 3, 1217
Suppose -5*b + 3584 = v, -7*v + 3589 = 5*b - 11*v. Let m = 2173 - b. What are the prime factors of m?
2, 7, 13
Let h(o) = 5*o**3 - 4*o**2 + 3*o + 4. Let z be h(4). Suppose 0 = 3*s - d - 98 + 555, 0 = -4*d - 20. Let g = z + s. What are the prime factors of g?
2, 59
Let a(l) = 729*l**2 + 3*l**3 - 738*l**2 - 7 + 28. What are the prime factors of a(7)?
3, 7, 29
Let i = 79633 + -27014. List the prime factors of i/35 - (85/25 - 4).
2, 47
Suppose -25*r + f - 3186 = -28*r, -3*r + 3*f + 3210 = 0. What are the prime factors of r?
2, 7, 19
Suppose 690*i + 4532 = 692*i. What are the prime factors of i?
2, 11, 103
Suppose 0 = 11*u - 2 - 31. Suppose -27 = -5*i + 4*x, 3*i - 5*i + u*x = -15. List the prime factors of i.
3
Let g(m) = -5*m - 16. Let h be g(-8). Suppose 6 = -h*p + 26*p. What are the prime factors of 1*(-16)/p*(-972)/48?
2, 3
Let y(z) = -189*z + 1263. What are the prime factors of y(6)?
3, 43
Suppose -28*a + 24*a + 8 = 0, 3*j + 5*a - 29509 = 0. What are th